number?
False
Is 2942 a composite number?
True
Is 210169 a composite number?
False
Is 751 prime?
True
Is 28915 composite?
True
Is 102401 a composite number?
True
Is 7609 a composite number?
True
Is 299089 composite?
True
Is 1352981 composite?
True
Is 97253 prime?
False
Is 57037 a prime number?
True
Is 119651 a composite number?
True
Is 97609 prime?
True
Is 452301 composite?
True
Is 24317 a prime number?
True
Is 49139 a composite number?
False
Is 794663 a composite number?
True
Is 122201 a composite number?
False
Is 180381 a composite number?
True
Is 3227 prime?
False
Is 103315 a composite number?
True
Is 77069 a composite number?
False
Is 2633 prime?
True
Is 17807 a composite number?
False
Is 10993 prime?
True
Is 5953 a composite number?
False
Is 1484879 a prime number?
False
Is 13291 a prime number?
True
Is 2271 a prime number?
False
Is 239197 a prime number?
False
Is 478 a composite number?
True
Is 169057 prime?
False
Is 1987 prime?
True
Is 30997 prime?
False
Is 187727 composite?
True
Is 30209 a composite number?
True
Is 5987 a prime number?
True
Is 111077 composite?
True
Is 10279 composite?
True
Is 85265 a prime number?
False
Is 45502 a prime number?
False
Is 43933 a prime number?
True
Is 7499 a prime number?
True
Is 4267 a composite number?
True
Is 2295773 prime?
True
Is 6737 a prime number?
True
Is 1337 composite?
True
Is 937643 a composite number?
True
Is 271619 a prime number?
True
Is 2598847 a prime number?
True
Is 2921 a prime number?
False
Is 5793 composite?
True
Is 33139 a composite number?
True
Is 9382 composite?
True
Is 306209 prime?
True
Is 6197 composite?
False
Is 1327031 a prime number?
False
Is 3981 a composite number?
True
Is 98803 prime?
False
Is 22141 composite?
True
Is 1413267 composite?
True
Is 75931 composite?
False
Is 41863 a prime number?
True
Is 88531 a composite number?
True
Is 79757 a composite number?
False
Is 2099 a composite number?
False
Is 115193 prime?
False
Is 5876171 composite?
True
Is 407957 composite?
True
Is 24151 a composite number?
False
Is 3793 prime?
True
Is 227033 composite?
True
Is 645571 a prime number?
True
Is 11901 a composite number?
True
Is 174343 composite?
True
Is 76333 a prime number?
True
Is 353 prime?
True
Is 623287 a prime number?
False
Is 206665 a composite number?
True
Is 42213 a composite number?
True
Is 38549 composite?
True
Is 173647 a composite number?
False
Is 55585 prime?
False
Is 2501953 a composite number?
False
Is 7633 composite?
True
Is 1284659 prime?
True
Is 5158 a composite number?
True
Is 397177 prime?
False
Is 280123 composite?
True
Is 901 prime?
False
Is 1510555 a prime number?
False
Is 76597 a prime number?
True
Is 10399 composite?
False
Is 40253 a composite number?
False
Is 8287 a prime number?
True
Is 1643 prime?
False
Is 189127 prime?
True
Is 10357 a prime number?
True
Is 39677 prime?
False
Is 152293 prime?
True
Is 187241 a composite number?
True
Is 1214947 prime?
True
Is 39971 a composite number?
False
Is 187027 composite?
False
Is 8657 composite?
True
Is 89591 composite?
False
Is 7121 a prime number?
True
Is 91367 composite?
False
Is 324667 a prime number?
False
Is 2503 a composite number?
False
Is 21479 prime?
False
Is 25985 prime?
False
Is 197521 composite?
False
Is 139803 a prime number?
False
Is 9983 prime?
False
Is 293497 prime?
False
Is 48383 a composite number?
False
Is 982601 a prime number?
False
Is 79111 composite?
False
Is 1151 a prime number?
True
Is 2129 a composite number?
False
Is 414307 prime?
False
Is 272361 prime?
False
Is 42737 a prime number?
True
Is 173077 prime?
False
Is 832501 composite?
True
Is 4353 prime?
False
Is 50497 a prime number?
True
Is 391441 a composite number?
False
Is 4547 a composite number?
False
Is 250919 a prime number?
True
Is 57037 composite?
False
Is 8641 a composite number?
False
Is 8434 a composite number?
True
Is 12451 a prime number?
True
Is 33923 a prime number?
True
Is 59897 composite?
True
Is 5147 a prime number?
True
Is 45943 prime?
True
Is 51763 composite?
True
Is 75869 a composite number?
False
Is 399029 prime?
False
Is 10427 prime?
True
Is 4701 a prime number?
False
Is 2467621 composite?
True
Is 2819 a composite number?
False
Is 233323 a composite number?
False
Is 49195 a prime number?
False
Is 189403 a composite number?
True
Is 106907 a composite number?
False
Is 791599 a prime number?
True
Is 809563 a prime number?
True
Is 47339 composite?
False
Is 9293 composite?
False
Is 25273 composite?
True
Is 124627 prime?
False
Is 7343 a prime number?
False
Is 240473 composite?
False
Is 18514 composite?
True
Is 12227 a composite number?
False
Is 1943059 composite?
False
Is 1319 composite?
False
Is 140587 composite?
False
Is 5501 a prime number?
True
Is 253 prime?
False
Is 10081 prime?
False
Is 160967 composite?
False
Is 19717 a prime number?
True
Is 810947 composite?
True
Is 71057 prime?
False
Is 5483 prime?
True
Is 34031 a prime number?
True
Is 12077 prime?
False
Is 1801 composite?
False
Is 22333 a prime number?
False
Is 1132855 composite?
True
Is 1249621 prime?
True
Is 8353 a prime number?
True
Is 890389 a composite number?
True
Is 31469 a prime number?
True
Is 75737 a prime number?
False
Is 6497 a prime number?
False
Is 355531 composite?
True
Is 42611 prime?
True
Is 797611 prime?
True
Is 40601 prime?
False
Is 125527 a composite number?
False
Is 209851 a prime number?
True
Is 8951 composite?
False
Is 7181 composite?
True
Is 15493 prime?
True
Is 6911 composite?
False
Is 247613 a composite number?
False
Is 158399 a prime number?
False
Is 13993 composite?
True
Is 682237 a prime number?
True
Is 83311 a prime number?
True
Is 5899 prime?
False
Is 39293 a prime number?
True
Is 7391 composite?
True
Is 11647 a prime number?
False
Is 5627 composite?
True
Is 89491 a prime number?
True
Is 10603 a prime number?
False
Is 57679 prime?
True
Is 157721 composite?
False
Is 750853 prime?
True
Is 29803 a prime number?
True
Is 104801 composite?
False
Is 52667 a composite number?
False
Is 9305 composite?
True
Is 1056667 a prime number?
True
Is 25807 a prime number?
False
Is 678517 a prime number?
False
Is 581909 a composite number?
False
Is 56381 a composite number?
True
Is 149213 prime?
True
Is 14039 composite?
True
Is 834123 a prime number?
False
Is 2335 a prime number?
False
Is 47939 a composite number?
False
Is 27883 a prime number?
True
Is 3576039 a composite number?
True
Is 946573 a composite number?
False
Is 881897 prime?
True
Is 917 a composite number?
True
Is 23909 a prime number?
True
Is 56954 a composite number?
True
Is 691193 a prime number?
True
Is 2858989 a prime number?
False
Is 468001 composite?
False
Is 38513 a prime number?
False
Is 3603 composite?
True
Is 28877 composite?
True
Is 60985 prime?
False
Is 5381 a composite number?
False
Is 168937 a composite number?
False
Is 366677 composite?
False
Is 709649 a prime number?
True
Is 321901 prime?
True
Is 1969 a prime number?
False
Is 2396651 a composite number?
False
Is 6731 a composite number?
True
Is 50821 a composite number?
False
Is 256535 composite?
True
Is 1043 a prime number?
False
Is 6353 prime?
True
Is 2317 composite?
True
Is 2179 a prime number?
True
Is 35671 a prime number?
True
Is 2927 composite?
False
Is 1343021 a composite number?
True
Is 882181 a prime number?
False
Is 55889 composite?
False
Is 41891 a prime number?
False
Is 30931 composite?
False
Is 3017 composite?
True
Is 120521 prime?
False
Is 14923 a composite number?
False
Is 389191 prime?
False
Is 282453 prime?
False
Is 22247 a composite number?
False
Is 10841 a prime number?
False
Is 98297 composite?
False
Is 2153 prime?
True
Is 7901 composite?
False
Is 649 prime?
False
Is 284039 a composite number?
True
Is 6139 a prime number?
False
Is 1207 a prime number?
False
Is 28459 prime?
False
Is 231493 a composite number?
False
Is 451 a composite number?
True
Is 188417 composite?
False
Is 796291 composite?
False
Is 34318 composite?
True
Is 338231 prime?
True
Is 50419 a composite number?
True
Is 768205 a composite number?
True
Is 372917 a composite number?
False
Is 21557 a prime number?
True
Is 369511 a composite number?
True
Is 91477 composite?
True
Is 11365 a prime number?
False
Is 786547 a composite number?
False
Is 2315785 a prime number?
False
Is 196681 prime?
True
Is 18671 prime?
True
Is 18617 prime?
True
